t z = -11 + t. What is the tens digit of z?
2
Let g = -27 + -8. What is the units digit of g/2*(-60)/25?
2
Suppose -a - v + 3 = 9, 4*a = -3*v - 21. Let t be 1 + (-9)/(9/a). Suppose -t*i - i + 20 = 0. What is the units digit of i?
4
Suppose -5*u = -5*b + 105, 2*u + 3*u = 2*b - 51. Let p = b - 12. What is the units digit of p?
6
Suppose 5*y - 11 = 4. Suppose -v - y*v = 0. Suppose d + i + 3 = v, -2*d + 6*d - 3*i - 23 = 0. What is the units digit of d?
2
Let j be (2/(-4))/((-8)/160). Suppose 0*w = w - j. What is the units digit of w?
0
Let a be (-10)/(-4) + (9/2 - 4). Let h be -1 + 20 + (-6)/3. Let b = h - a. What is the tens digit of b?
1
Let u(y) = y**3 - 12*y**2 + 12*y - 14. Let z be u(11). Let r = z + 15. What is the tens digit of r?
1
Suppose 5*d = 2*d - 120. Let m be (16/d)/((-1)/5). Suppose -m*j + 7 = 1. What is the units digit of j?
3
Suppose -96 = -5*p + p. Let i(a) = -3*a + 2. Let c be i(3). Let d = c + p. What is the units digit of d?
7
Let f be 8/6*3/2. Let k be 1/f*2 + 2. Suppose -j + k*j - 14 = 0. What is the units digit of j?
7
Suppose 4*z - 36 = -8. Let u = z - 5. What is the units digit of u?
2
Let v(l) = -l + 3. Suppose 3*s = -q - 13, -2*q - 2*s = -0*q + 6. Let f(t) = -3*t + 1. Let i be f(q). What is the units digit of v(i)?
8
Suppose -128 = -2*t - 2*t. What is the units digit of t?
2
Let z = -1 + 5. Suppose 3*g - z - 2 = 0. Suppose -p = p + g, j + 4*p = 2. What is the units digit of j?
6
Suppose -3*k = k - 92. What is the units digit of k?
3
What is the units digit of 1/(-2*1/(-28))?
4
Let a(w) = 0*w + w + 0 - w**3 + w**2 + 3. Suppose t = 2*t. What is the units digit of a(t)?
3
What is the tens digit of 3/((12/15)/4)?
1
Suppose 0 = 5*g + 3*z - 952, g - 560 = -2*g + z. What is the tens digit of g?
8
Suppose -2 = -2*i - 0*i. Let p = i + -3. Let f(q) = -3*q - 2. What is the units digit of f(p)?
4
Suppose 5*y - 309 = -24. What is the units digit of y?
7
Let o be (-1 - (-4)/3)*12. Suppose -o*i + 15 = -1. Suppose -3*w + 13 = -2*t, i*w - 22 = -2*t - 0*w. What is the units digit of t?
1
Suppose 4*n - 7*n = 6. Let y be -1*2*(-1)/n. What is the units digit of 1/(-2)*y*14?
7
Suppose -5*g = 4*f + 4, 4*f + 4*g = 6*f + 2. Let a(v) = 9*v + 1. Let n be a(f). Let w = 16 + n. What is the units digit of w?
8
Let h = -23 + 25. Let a = 8 + 8. Suppose 0*v - h*v = -a. What is the units digit of v?
8
Let f(x) = 4*x + 7. Let u be f(-6). Let j = -5 - u. What is the units digit of j?
2
Let m = -24 + 15. What is the tens digit of 11 - 0/(m/(-3))?
1
Let j be 4/12 - (-3)/(-9). Suppose 2*u + 0*u - 2 = j. What is the units digit of u?
1
Let a(k) = 7*k**2 - 6*k - 6. Let b(t) = -13*t**2 + 11*t + 11. Let m(z) = -11*a(z) - 6*b(z). Let v(d) = -4*d + 1. Let i be v(1). What is the units digit of m(i)?
9
Let s(z) = -z - 4. Let l be s(-6). Suppose 0*p + 4*k + 38 = l*p, 5*p = -k + 106. What is the units digit of 6/p - (-47)/7?
7
Let y = -8 - -15. Suppose -1 + y = -b. What is the units digit of b/9 + (-28)/(-6)?
4
Let u = 106 + -53. What is the units digit of u?
3
Let u = 48 - -107. Suppose 8*w - 3*w - u = 0. What is the tens digit of w?
3
Suppose d - 4*d = -4*f - 33, -f = 4*d - 63. What is the units digit of d?
5
Let r(y) = 26*y + 13. What is the hundreds digit of r(9)?
2
Let k = -4 - -4. What is the units digit of 2*((-15)/(-6) + k)?
5
Let s = 138 + -60. What is the units digit of s?
8
Let i = -100 - -148. What is the units digit of i?
8
Let h = 7 - 4. Suppose 5*u - a + 3 = h*u, -a = -4*u - 1. What is the units digit of u?
1
Let f be 9/(-2) - 2/(-4). What is the tens digit of (152/12)/(f/(-6))?
1
Let b(n) = -n + 7. Let i be 2 - 1*(-4 - -2). Suppose -4*l - 40 = 5*k, i*k + 35 - 9 = -2*l. What is the units digit of b(l)?
2
Let m = -3 - -12. Suppose -2*b - m = -3*b. What is the units digit of b?
9
What is the units digit of -1 + -1*((3 - 2) + -14)?
2
Let c(l) = l + 5. Let u(s) = -s - 5. Let q be (-66)/(-10) + 2/5. Let v(d) = q*c(d) + 6*u(d). What is the units digit of v(-4)?
1
Suppose 3*b - 9 = 3*r, -2*r + 0 = 3*b - 14. Suppose -4*j + 104 = 4*l, -b*j = l - 5*l - 64. What is the units digit of j?
1
Let t(m) = 43*m + 13. What is the units digit of t(3)?
2
Let q be 4/(-10) + 16/(-10). Let m = q - -2. Suppose 2*x - 2 + m = 0. What is the units digit of x?
1
Suppose -5*n = -4*n - l - 22, 4*n - 2*l = 90. What is the units digit of n?
3
Let v(i) be the first derivative of 8*i**3/3 - i**2/2 + i - 1. What is the units digit of v(1)?
8
Let n = -43 + 21. Let h = -15 - n. What is the units digit of h?
7
Let j = 4 - 4. Let x = j - -9. What is the units digit of x?
9
Suppose -4*z + 9*w + 13 = 4*w, -3*z = -2*w - 8. Suppose 3*p + p + 61 = 3*d, -2*p = z*d - 36. What is the tens digit of d?
1
Let f = -23 - -10. Let b = -4 - f. Let j(v) = -v**3 + 10*v**2 - 8*v + 3. What is the units digit of j(b)?
2
Suppose 2*x - 6 = 2. Let i be (-110)/7 - x/14. Let u = 24 + i. What is the units digit of u?
8
Let k = -15 - -21. Let n be ((-3)/k)/((-3)/42). Let b = 9 - n. What is the units digit of b?
2
Let d(f) = -f**2 - 3*f + 6. Let k be d(-5). Let a = k - -1. What is the units digit of 1/(a/36*-3)?
4
Let r = -1 + -1. Let h = 1 - r. Suppose -v + h = 2*v. What is the units digit of v?
1
Suppose -7*c + 11*c = 36. Let o = 12 - c. What is the units digit of o?
3
Let s = -7 - -17. Let a be (-74)/s + (-2)/(-5). What is the units digit of (-2 - a)/(0 - -1)?
5
Let z be (6 - 3) + -3 + -36. Let b = 51 + z. What is the units digit of b?
5
Suppose 7*r = 9*r + 3*v - 725, 0 = 3*r - v - 1060. What is the units digit of r?
5
What is the tens digit of ((-37)/(-3))/(10/60)?
7
Let g(n) = n**3 + 7*n**2 - n + 8. What is the tens digit of g(-7)?
1
Let p(l) = l**2 + 7*l - 11. What is the units digit of p(-9)?
7
What is the hundreds digit of 1/3 - (329/(-3) - -1)?
1
Suppose 50 = -3*o + 236. Suppose -2*u = -8*i + 3*i + 97, 5*u = 3*i - o. Suppose -2*j + 34 = 4*x, j - i = -x + 4*j. What is the units digit of x?
0
Suppose -21 = -3*y - 6. Let x = 7 - y. What is the units digit of x - 0*(-2)/(-6)?
2
What is the tens digit of ((-198)/4)/(-1 - 3/(-6))?
9
Let w(b) = b**3 - b - 13. Let z be w(0). Let r = 9 - z. Suppose 0*u - r = -f - 4*u, f = 4*u - 2. What is the units digit of f?
0
Suppose -3*o = -5*v + 2*o + 55, -o + 4 = 0. What is the units digit of ((-5)/v)/(1/(-66))?
2
Let m(i) = i**2 - 1. Let z be m(-5). Let n = z + 8. What is the units digit of n?
2
Let q = -70 + 105. What is the units digit of q?
5
Let a = 5 - 1. Suppose -3 + 7 = -a*o + 4*j, -50 = 5*o + 4*j. What is the units digit of (-4)/(o/4 + 1)?
8
What is the units digit of 8/20 - (-68)/5?
4
Suppose 394 + 82 = 4*u. Let q = -83 + u. Suppose 12 = -3*y + q. What is the units digit of y?
8
Let q = -13 - -19. Suppose c - 4*c + q = 0. Suppose 0 = -2*z + 2*f + 24, c*z - 45 + 9 = -4*f. What is the units digit of z?
4
Let j(i) = -2*i - 5. Let s be j(5). Let r = 4 - s. What is the tens digit of r?
1
What is the tens digit of 0 + -2 + 0 - -65?
6
Let u be ((-5)/3)/(2/24). What is the units digit of (48/u)/((-4)/10)?
6
Let h be 1 - 15/6*-18. Suppose 38 = 4*n - h. What is the units digit of (-18)/4*(-28)/n?
6
What is the units digit of (-30)/75 - 1827/(-5)?
5
Let y = -41 + 29. What is the units digit of (y/7)/((-12)/42)?
6
Let c = 1 + -3. What is the tens digit of (c - 27/3)/(-1)?
1
Let b = 6 + -1. Suppose g - 121 = -b*f - 2*g, -3*g = 4*f - 95. What is the units digit of f?
6
Suppose -6*j + 646 = -902. What is the hundreds digit of j?
2
Suppose 5*v - 18 = -3. Suppose -v - 6 = h. Let t(o) = -o**3 - 9*o**2 - 3*o - 12. What is the tens digit of t(h)?
1
Let s = 1 - 4. Let o be 1/s*(1 - 7). Suppose -a = -o*a + 6. What is the units digit of a?
6
Suppose 0 = -5*c + 3*f + 10, 5*f = -2*c - 0*f + 4. Let x(d) = 12*d**2 - d + 1. What is the tens digit of x(c)?
4
Let d(q) = q**3 + 2*q**2 - 2*q + 2. Let c be d(-3). Let w be (6 - 5)/(c/8). Let s = 15 + w. What is the units digit of s?
7
Suppose 4*q = w + 52 + 75, 3*q = 5*w + 108. Suppose 27*z = q*z - 116. What is the units digit of z?
9
Let h = -16 - -28. Suppose 0 = -4*g - 0 + h. Suppose -4*u + g = -u. What is the units digit of u?
1
Suppose 0*z - 2*z = -46. Let v = -3 + z. What is the tens digit of v?
2
Suppose k = u + 3*k - 32, -4*k = u - 38. Let t = u + -14. What is the tens digit of t?
1
Let j = 9 + -29. What is the units digit of j/5*-2*2?
6
Let